- 2516. Suppose 507*d - 9 = f*d. What is the greatest common factor of 11 and d?
1
Let p be (46/(-14))/(104/(-37128)). What is the highest common divisor of p and 138?
69
Let k = -8 + 14. Let a be 22/6 + ((-44)/6)/11. Let w(j) = 11*j - 3. Let l be w(a). Calculate the highest common divisor of l and k.
6
Suppose -y + 9555 = 6*y. Suppose 4*m - y = -m. Let k be ((-26)/(-4))/(2/(-36)*-3). Calculate the greatest common factor of k and m.
39
Suppose -5*c = 3*i + 2007, -c - 806 = c - 2*i. Let f be c/(-24) + (-36)/(-16) + -2. What is the highest common divisor of 136 and f?
17
Suppose -i + 3*a - 3 = 0, 4*a - 8 = -0*a. Let u = -85 + 89. Suppose 0 = -i*x - 6, 2*r + 0*x = -4*x + u. Calculate the greatest common factor of 3 and r.
3
Let k = -772 - -1058. Calculate the highest common factor of k and 88.
22
Let p(b) = 2*b**2 - 19*b + 237. Let f be p(9). Calculate the highest common factor of 285 and f.
57
Suppose 21369 = 3*m - 3*j, 0 = -101*j + 102*j + 4. Calculate the greatest common factor of m and 21.
21
Suppose -4*v = -503 + 167. Let n(x) = -5*x**2 - 45*x - 30. Let u be n(-6). What is the highest common factor of v and u?
12
Let g(b) = 5*b**3 - 11*b**2 + 32*b + 12. Let t be g(10). Let d be t/12 + 10/(-15). What is the highest common divisor of d and 8?
8
Let c(o) = 8*o**2 + 10*o - 11. Let s be c(1). Let x be s/(-3 + 380/125). Calculate the greatest common divisor of 25 and x.
25
Suppose -196*u + 200*u - 219 = 101. What is the highest common factor of 150 and u?
10
Let z(v) = 2*v**2 + 4*v + 2. Let i(n) = n - 4. Let k be i(2). Let s be z(k). Let u be (5 - -3 - 7)*22. What is the greatest common divisor of u and s?
2
Let i = 3 + 202. Let k(d) = d**2 + 46*d + 314. Let h be k(-38). Calculate the greatest common divisor of h and i.
5
Suppose 0 = -u + 3*z + 4, 2*z + 13 = 3*u + 1. Suppose 3*m = u*n + 15, -m + 5*n = -0*m + 6. Let t = -197 + 296. What is the highest common factor of m and t?
9
Suppose -6*a = -1192 + 592. Suppose 0 = 2*o - o + 58. Let i = o + a. What is the greatest common factor of 56 and i?
14
Let u be ((-6)/8*2)/(24/224). Let r be (-9 - (1 + -3))*100/u. Let p = 23 + 52. What is the greatest common divisor of r and p?
25
Let t(j) = -2*j + 11. Let o be t(3). Suppose -o*r - h + 723 = 0, 3*r - h - 336 = 93. What is the highest common factor of r and 16?
16
Suppose 85 = 2*i - 47. Let g = i - 49. Suppose y - 4*h - g = 102, -3*h + 147 = y. What is the highest common factor of y and 54?
27
Let a = -13 - -37. Let o(i) = -i**3 - 21*i**2 + 22*i + 12. Let n be o(-22). Let q be 1/3 - (5 - 200/n). Calculate the greatest common factor of a and q.
12
Suppose 2*k = 19*k - 76*k + 14691. What is the greatest common factor of 10043 and k?
83
Let b be -7 + (-51098)/(-203) - 2/(-7). What is the highest common divisor of 882 and b?
49
Suppose -u = 5*g + 1904 + 2212, g + 3 = 0. Let l be (-14)/147 + u/(-63). Calculate the greatest common divisor of 10 and l.
5
Let h be 3/1 + (2 - -40). Let p = h - 10. Let k(f) = -14*f + 371. Let t be k(24). Calculate the highest common divisor of t and p.
35
Let o(v) = -4*v - 93. Let j be o(-25). Suppose -3*m + j*m - 500 = 0. Let d = -3 + 28. What is the greatest common factor of m and d?
25
Let l(t) = 2*t**2 - 17*t - 21. Let j be ((-5 - 3) + 4)*6/8. Let p be l(j). What is the greatest common factor of 80 and p?
16
Suppose 33*l - 13*l - 11880 = 11*l. What is the highest common divisor of l and 840?
120
Let a(w) = -45 + 132 - 53 - 24*w. Let q be a(-9). Calculate the greatest common factor of q and 100.
50
Suppose 366*v - 355*v = 66. Suppose -3*t + 21 = -2*b, 5*t + b - 35 = 5*b. Let i be -1 + 5 - 14/t. What is the greatest common factor of v and i?
2
Let t = -52 + 53. Let o be ((-82)/2 - t)*(-26)/78. What is the greatest common factor of o and 14?
14
Let i be 163 + -9 + (8 - -18). Calculate the highest common divisor of 40 and i.
20
Suppose -s + 39 = 3*m, 0*m = -2*s + m + 113. Let h be (-10 - 8)/(3/(-21) - 0). What is the greatest common factor of h and s?
18
Suppose 0*n - 2*n + 2038 = -338. Calculate the highest common factor of 836 and n.
44
Suppose -42*s - 4992 + 9410 = -10030. What is the highest common divisor of 18404 and s?
172
Suppose -3*c - 3*u = -963, 6 = u + 7. Let r(d) = 13*d + 1. Let a be r(1). What is the greatest common factor of c and a?
14
Let l be 21/1 + 4 + -7. Suppose -403 - 173 = -48*n. What is the greatest common factor of n and l?
6
Suppose 2*i = 28*i - 1820. Let p(f) = -f**2 - 7*f + 3. Let k be p(-8). Let j(t) = -5*t + 17. Let h be j(k). What is the greatest common divisor of i and h?
14
Suppose -7*v + 1958 - 32583 = 0. Let c be (-8)/(-36) - v/(-45). Let t = -73 - c. Calculate the highest common divisor of t and 144.
24
Let d(b) = -b**3 + 5*b - 2*b**2 + 10*b + 0*b - 13*b**2. Let w be d(-16). Suppose 3*h - 69 - 75 = 0. What is the greatest common divisor of h and w?
16
Suppose 0 = 4*g + 3*c + 763, 3*g + 4*c - 373 = -947. Let q be (1/2)/((-5)/g). What is the greatest common factor of 4 and q?
1
Let p(y) = -y**2 + 23*y - 22. Let o be p(11). Let b(d) = -d**2 - 66*d - 50. Let x be b(-65). Calculate the highest common divisor of o and x.
5
Let s be 110/(2 + -14*(-18)/(-144)). Let g = -8 - -63. What is the greatest common divisor of s and g?
55
Suppose -4*h + 12 = -12. Let y = 33 + h. Let z(k) = -10*k**2 - 290*k + 39. Let o be z(-29). What is the highest common factor of y and o?
39
Let m = 3209 + -1679. What is the highest common divisor of 9 and m?
9
Let t = 993 - 812. Calculate the greatest common factor of t and 17557.
181
Let m = -989 + 2019. Suppose 5*n - 3*v + 8*v = m, 4*v = -3*n + 614. Calculate the greatest common divisor of n and 90.
30
Suppose -2*u = 5*y - 22141, -257*y + 261*y + 3*u - 17710 = 0. Calculate the highest common factor of 258 and y.
43
Suppose -3*w + 2*r + 2*r + 39 = 0, 4*r = 0. Suppose 5*i = 14 + 6, -3*i + 2 = -2*y. Suppose -5*t = y*t - 1300. Calculate the greatest common factor of w and t.
13
Let q(h) = 4*h**2 + 3*h + 57. Let x be q(9). Let k be ((-21)/(-56))/(3/x). Calculate the greatest common divisor of 17 and k.
17
Suppose 316 + 5060 = 12*n. Suppose 4*u + 61 = 117. What is the highest common divisor of u and n?
14
Suppose 29*u - 13916 = 5 + 9308. What is the greatest common divisor of 36 and u?
9
Let u(x) = 83*x + 590. Let m be u(-7). Calculate the greatest common divisor of 1608 and m.
3
Suppose 16*v - 23*v + 168 = 0. Let z be (-4)/v + (-1754)/(-12) + -3. Calculate the highest common divisor of 11 and z.
11
Let p(r) = -220*r - 5 - 34 + 21 - 6. Let i be p(-2). What is the greatest common divisor of 52 and i?
52
Suppose 4609 + 2771 = 60*a. What is the greatest common divisor of a and 6?
3
Let j be 5 + -8 - (-4)/((-8)/(-6)). Let b be (-2 - 20/(-12))*j. Let p(f) = f**2 + 2*f + 18. Let u be p(b). Calculate the greatest common factor of u and 27.
9
Suppose 0 = 32*c - 36*c + u + 719, -3*u = -c + 177. Calculate the greatest common factor of c and 16.
4
Suppose 2*a - 5*a - 214 = -5*o, -24*o - a = -1058. What is the greatest common divisor of o and 2321?
11
Let h = -84 + 86. Let w be (10/(-8))/(3/(-24)*h). Suppose d + w*g - 46 = -18, 3*d - 66 = 3*g. Calculate the highest common divisor of 23 and d.
23
Let g be (-470)/(-115) - (-18)/(-207). Suppose -g*i + 4 = 0, 2*c + 18*i - 22*i - 4 = 0. What is the greatest common divisor of c and 14?
2
Suppose -4*z + 12 = -4*c, 0*c - c - 3*z = -9. Suppose c = -6*t - 0*t + 60. Let b be ((-150)/100)/(6/(-80)). Calculate the highest common factor of b and t.
10
Let a be 3 + (3/4)/((-17)/(-7548)). Let x = a - 94. Calculate the highest common divisor of 22 and x.
22
Let n(b) = 8*b**3 - b**2 + 3*b - 1. Let t be n(1). Suppose 281 = 2*a - 3*r, 2*a - 13*r + t*r = 284. What is the greatest common divisor of a and 16?
8
Suppose -112 = -k - 7*k. Suppose 0 = -3*x - 6 - 6. Let h be (x + 3)*-1*35. What is the greatest common factor of k and h?
7
Suppose 3*l + 0*l - 3*h = 366, 0 = 3*h - 3. Let o be 59 + -82 + (-7 - 3). Let t = l + o. Calculate the greatest common factor of 60 and t.
30
Let z = 48 - 48. Let o be z/((30/5)/2). Suppose o = 9*h - 10*h + 44. What is the greatest common divisor of h and 110?
22
Let b be 35/(105/(-6))*26/((-4)/2). What is the highest common factor of b and 1157?
13
Let c(v) = 2*v + 103. Let m(x) = -3*x**3 - 13*x**2 - 5. Let k be m(-3). Let a be c(k)